 66 - (-3)/(-9)*w?
67
Let m(s) = -59*s + 253. Let p be m(-30). Let v = p + -1039. List the prime factors of v.
2, 3, 41
Let d be 9*(-8)/(-252)*-3*-7. Suppose 8*r = d*r - s + 611, -929 = -3*r - 4*s. What are the prime factors of r?
3, 101
Let u(m) = 3570*m + 6786. What are the prime factors of u(8)?
2, 3, 43, 137
Suppose 5*q - 12653 = -3*f, -2*f = 3 - 5. What are the prime factors of q?
2, 5, 11, 23
Let w(o) = 14*o**2 - 6*o + 82. Let d be w(7). Suppose 2*b + 12*k - 488 = 10*k, 3*b = 3*k + d. What are the prime factors of b?
3
Let y(m) = 2*m**2 + 11*m + 15. Let t be 1*3/(-6)*(-1 + -3). Let u be 3 - 1/(t/26). What are the prime factors of y(u)?
3, 5, 7
Suppose -7*d = -5*d - 6. Suppose d*m + s = -1268, -2*m - 373 = -s + 464. Let c = 589 + m. List the prime factors of c.
2, 3, 7
What are the prime factors of (-3)/4 + (-318868)/(-176)?
1811
Suppose -905 = 2*w + 5*k - 2*k, w + 4*k = -440. Let y = -326 - w. What are the prime factors of y?
2, 67
Suppose 179*t = 677887 + 2346855. List the prime factors of t.
2, 7, 17, 71
Suppose -18 = -6*r + 54. Suppose -17*b = -14*b - r. Suppose -b*n + 303 = -17. What are the prime factors of n?
2, 5
Suppose -w + 38 = 4*o, 4*w - w = -6. Suppose 3705 = o*k + 3*k. What are the prime factors of k?
3, 5, 19
Let w(n) = 9897*n - 18*n**2 + 0*n**3 - 9831*n + 11 - n**3. What are the prime factors of w(-22)?
3, 5, 11
Let w(i) = -773*i + 26249. What are the prime factors of w(0)?
26249
Let k = -95 - -96. Let h be -4*((-15)/90)/(k/3). Suppose 0 = 4*u + 3*q - 588, h*q - 74 = -u + 73. List the prime factors of u.
3, 7
What are the prime factors of (-15 - (-1245)/(-6))*-2*9?
3, 5, 89
Let v(c) = 78*c**2 + 67*c - 73. List the prime factors of v(-16).
7, 2689
Let x(j) = 10023*j + 2468. What are the prime factors of x(6)?
2, 23, 1361
Let w(c) = -200*c - 1255. What are the prime factors of w(-33)?
5, 1069
Suppose -r - 3 = -q + 4, r + 31 = 5*q. Suppose -5392 = q*y - 22*y. List the prime factors of y.
337
List the prime factors of (-23737)/(-28)*4 + -11.
2, 5, 13
Let p be (-11342)/15 + 58/435. List the prime factors of (((-228)/7)/2)/(18/p).
2, 3, 19
Let c = 2716 + -1668. Suppose 0*h = -4*h. Suppose -842 = -4*u - 2*w, h*u - c = -5*u - 4*w. What are the prime factors of u?
2, 53
Let y = -518 - -529. Suppose 3*m - r - 383 = y, 3*r = 2*m - 251. What are the prime factors of m?
7, 19
Let c(q) = 16*q**2 + 19*q - 11. Let m(p) = 7*p**2 + 10*p - 5. Let d(s) = -3*c(s) + 7*m(s). List the prime factors of d(18).
2, 139
Suppose 290*j - 289*j = -3. List the prime factors of (-3 + 3090/(-12))/(j/6).
521
Let p be 84*(-9 - -1) + 1. Let x be (-3)/(-6)*(-1 - p). Let f = x + -184. What are the prime factors of f?
151
What are the prime factors of (2 - 1823190/(-99)) + -8 + 3668/462?
2, 9209
Let g(d) be the third derivative of d**2 + 1/8*d**4 + 1/3*d**3 + 0 + 0*d + 0*d**5 - 7/3*d**6. List the prime factors of g(-1).
3, 31
Let v(n) = -4*n - 8 + 2*n + 8*n**2 - n**3 - 4. Suppose 17 = -k + 24. List the prime factors of v(k).
23
Let w be (-458)/(7 + -5)*9. Let y = -1233 - w. List the prime factors of y.
2, 3, 23
Suppose -4*j = 3*r - 2, -2*r + 0*r = -3*j - 24. Suppose 0 = r*m + 1119 - 2991. What are the prime factors of m?
2, 3, 13
Suppose -321*o + 2*q + 50136 = -317*o, 5*o = 4*q + 62682. What are the prime factors of o?
2, 5, 7, 179
Suppose l + 9*l = -20. Let j be (l - (-6)/(-3))*-1. Suppose v + j*v = 425. List the prime factors of v.
5, 17
Suppose -5*g + 4*q = -1169, -g - 3*q + 463 = g. Suppose -l + 5 = 1. Suppose -733 + g = -l*w. What are the prime factors of w?
5
Let l = -1803 - -1978. List the prime factors of l.
5, 7
List the prime factors of (-4 - (-45)/9)*8173.
11, 743
Let q be ((-9)/6)/(-3) + 8/(-16). Suppose q = 5*y - 2*z - 244, 2*z + 0*z = 3*y - 148. What are the prime factors of y?
2, 3
Let b(p) = -16*p**3 - 17 - 3 + 32*p**3 + 2*p**2 - 15*p**3 - p. Let v be b(0). List the prime factors of (-1 - 8/(-20)) + (-1332)/v.
2, 3, 11
Let l(o) = -5*o - 336. Let x be l(25). Let k = 320 - x. What are the prime factors of k?
11, 71
What are the prime factors of ((-16833564)/234)/(-11) - (-4)/26?
2, 3, 5, 109
Let y = -6 - -16. Suppose 71*h - 5*h = 990. Suppose y*a = h*a - 55. What are the prime factors of a?
11
Let v(h) = 36 - 19*h + 19 - 35. Let s be v(-10). Let c = s - 52. What are the prime factors of c?
2, 79
Let n = -9003 - -15500. List the prime factors of n.
73, 89
Suppose 0 = -q + 4*l + 15139 + 23430, 2*l = q - 38559. List the prime factors of q.
7, 5507
Suppose 0 = 3*u - 15, -4*s - 16*u + 87342 = -18*u. What are the prime factors of s?
2, 61, 179
Let m = 132 - 85. Let x = m - 43. Suppose -x*k + 235 = k. What are the prime factors of k?
47
Suppose 0 = 5*u - 2*u + j - 203, -3*j = 2*u - 133. Let i be 4 - (-1 - 0)*1. What are the prime factors of (u - 0) + i/((-5)/(-2))?
2, 5, 7
Suppose 5*s + 3*c = 1164 - 422, 747 = 5*s - 2*c. Let b(p) = p**3 + 6*p**2 + 11*p + 25. Let r be b(-6). Let o = r + s. List the prime factors of o.
2, 3
Let a = 3294 - -8272. What are the prime factors of a?
2, 5783
What are the prime factors of 1/1*(-36)/(-9)*564240/320?
3, 2351
Let q(v) be the third derivative of v**4/24 + 13*v**3/3 - 15*v**2. Let l be q(17). Let u = l + 128. List the prime factors of u.
3, 19
Suppose 258*l - 259*l = -480. List the prime factors of l/3 + 2/1.
2, 3
Suppose -1908 = 10*k - 6*k. Let l = -92 - k. Suppose -m - 4*h + 111 = 0, -3*m + l = -2*h + h. What are the prime factors of m?
127
Suppose -157*z + 169*z - 283008 = 0. What are the prime factors of z?
2, 11, 67
Let l be 2/(-1) + -1 + 610. Suppose 4517 - l = 23*u. What are the prime factors of u?
2, 5, 17
What are the prime factors of (2*(-45516)/(-24))/1?
3793
Let s be (-6 + 21/3)*-3. List the prime factors of (35 - 42)*195/s.
5, 7, 13
Let q(o) = -16*o**3 + 7*o**2 + 11*o + 9. Let v be q(-4). Suppose v = 4*h - 343. List the prime factors of h.
19
Let z = -219 + 221. Suppose 5*x - 1907 = 2*d - 6*d, 2*x - 952 = -z*d. List the prime factors of d.
11, 43
Suppose -3*b - 12 = -24. Suppose -b*q = -5*w + 2801, 4*q + 1687 = 3*w - 0*w. What are the prime factors of w?
557
Suppose -4*m - 33 = -7*m. Let t(j) = 19 - m - 11 - 10 + 24*j - j**2. List the prime factors of t(13).
2, 5, 13
Let o(f) = 4*f**2 - 11*f + 13. Let h be (-9)/2*360/135. What are the prime factors of o(h)?
7, 103
Let w = -76 - -126. Let i = -56 + w. What are the prime factors of ((-4)/6)/(i/171)?
19
Let r = -43 - -28. Let f = 19 + r. Suppose l = -4*b - 4, -f*l + 76 = -5*b - 13. What are the prime factors of l?
2
Let g(v) = 4*v**2 - 7*v - 6. Let b be g(5). Let s = b + -59. Suppose 0*q + 4*q - 440 = s. What are the prime factors of q?
2, 5, 11
Let z(c) = 0*c + 10 + 6*c + 6 + 91*c**2. What are the prime factors of z(-2)?
2, 23
Let g = -159 - -487. Suppose 0 = 322*y - g*y + 78. List the prime factors of y.
13
Let m(s) be the third derivative of 9*s**4/4 + 62*s**3/3 - 62*s**2. List the prime factors of m(11).
2, 359
Let o = -16630 + 33953. List the prime factors of o.
17, 1019
Suppose -13*g + 2573 = 77. Let w = g + 21. What are the prime factors of w?
3, 71
Suppose 8*v = 3*v - 25, 5*p + 3*v = 1165. Suppose -4*b = -212 - p. What are the prime factors of b?
2, 7
Suppose 5*a + 276 = 3*k, 0*a + 2*a - 394 = -4*k. Let f = k - 80. Suppose -7*i + f*i = 1140. List the prime factors of i.
2, 3, 19
Suppose 5*v = 4*d + 3080 - 13936, 5*d = -v + 13570. List the prime factors of d.
2, 23, 59
Let l(t) = 30 - 9*t - 89 + 41 - 4*t. List the prime factors of l(-2).
2
Suppose -617*a = -610*a - 118104. What are the prime factors of a?
2, 3, 19, 37
List the prime factors of (104 - 26 - 31)*(580 + 1).
7, 47, 83
Let x = 28361 - 20215. What are the prime factors of x?
2, 4073
Let s(a) = 420*a - 320. Let i be s(32). Suppose -2*p + 10*p = i. What are the prime factors of p?
2, 5, 41
Let c = -10821 + 41203. List the prime factors of c.
2, 11, 1381
Let b(j) = -j**3 - 9*j**2 - 2*j - 16. Let v be b(-9). Let i be 39 + 3 + -6 + v + 0. Let q = 41 - i. List the prime factors of q.
3
Let g = 145 - 209. Let h be 13/11 + -1 - 7380/(-66). Let d = g + h. List the prime factors of d.
2, 3
Suppose -3*z + 6138 = a, -3*z + 368 = 3*a - 5764. Suppose -4*l + 20 = -5*j - z, 2*j - 520 = -l. List the prime factors of l.
2, 7, 37
Let h be (-7)/77 + 312/44. Suppose 0 = h*j - 259 - 6664. List the prime factor